rs of 722.
2, 19
List the prime factors of 5476.
2, 37
List the prime factors of 9557.
19, 503
List the prime factors of 711.
3, 79
What are the prime factors of 263?
263
What are the prime factors of 15640?
2, 5, 17, 23
List the prime factors of 15144.
2, 3, 631
List the prime factors of 23.
23
List the prime factors of 67392.
2, 3, 13
List the prime factors of 6349.
7, 907
What are the prime factors of 1859?
11, 13
What are the prime factors of 13005?
3, 5, 17
List the prime factors of 17305.
5, 3461
List the prime factors of 8831.
8831
List the prime factors of 372.
2, 3, 31
List the prime factors of 15984.
2, 3, 37
List the prime factors of 2711.
2711
What are the prime factors of 38533?
11, 31, 113
What are the prime factors of 30197?
30197
What are the prime factors of 1978?
2, 23, 43
List the prime factors of 898.
2, 449
What are the prime factors of 7187?
7187
List the prime factors of 824.
2, 103
List the prime factors of 736.
2, 23
List the prime factors of 64185.
3, 5, 11, 389
List the prime factors of 1354.
2, 677
What are the prime factors of 221?
13, 17
What are the prime factors of 18630?
2, 3, 5, 23
List the prime factors of 40933.
40933
List the prime factors of 3234.
2, 3, 7, 11
List the prime factors of 1772.
2, 443
List the prime factors of 602.
2, 7, 43
List the prime factors of 44100.
2, 3, 5, 7
What are the prime factors of 679?
7, 97
List the prime factors of 3854.
2, 41, 47
What are the prime factors of 4221?
3, 7, 67
What are the prime factors of 4110?
2, 3, 5, 137
What are the prime factors of 745?
5, 149
List the prime factors of 124312.
2, 41, 379
What are the prime factors of 48115?
5, 9623
What are the prime factors of 6889?
83
List the prime factors of 7207.
7207
List the prime factors of 4320.
2, 3, 5
List the prime factors of 6808.
2, 23, 37
List the prime factors of 548.
2, 137
List the prime factors of 4437.
3, 17, 29
What are the prime factors of 7384?
2, 13, 71
What are the prime factors of 70838?
2, 35419
List the prime factors of 665.
5, 7, 19
List the prime factors of 26969.
149, 181
List the prime factors of 3242.
2, 1621
What are the prime factors of 6069?
3, 7, 17
List the prime factors of 330.
2, 3, 5, 11
List the prime factors of 12513.
3, 43, 97
What are the prime factors of 5329?
73
What are the prime factors of 16565?
5, 3313
What are the prime factors of 6580?
2, 5, 7, 47
List the prime factors of 4924.
2, 1231
List the prime factors of 96872.
2, 12109
What are the prime factors of 181958?
2, 7, 41, 317
List the prime factors of 38773.
7, 29, 191
What are the prime factors of 8021?
13, 617
What are the prime factors of 1484?
2, 7, 53
What are the prime factors of 17068?
2, 17, 251
What are the prime factors of 36889?
37, 997
List the prime factors of 730.
2, 5, 73
What are the prime factors of 66417?
3, 13, 131
List the prime factors of 7122.
2, 3, 1187
What are the prime factors of 725?
5, 29
What are the prime factors of 29920?
2, 5, 11, 17
List the prime factors of 1657.
1657
What are the prime factors of 678?
2, 3, 113
List the prime factors of 1948.
2, 487
List the prime factors of 47657.
47657
List the prime factors of 891.
3, 11
List the prime factors of 1716.
2, 3, 11, 13
List the prime factors of 12658.
2, 6329
List the prime factors of 5742.
2, 3, 11, 29
List the prime factors of 138.
2, 3, 23
List the prime factors of 143575.
5, 5743
What are the prime factors of 27110?
2, 5, 2711
What are the prime factors of 2623?
43, 61
List the prime factors of 591.
3, 197
List the prime factors of 220.
2, 5, 11
List the prime factors of 40034.
2, 37, 541
List the prime factors of 3934.
2, 7, 281
List the prime factors of 827.
827
What are the prime factors of 1954?
2, 977
List the prime factors of 847.
7, 11
What are the prime factors of 6976?
2, 109
List the prime factors of 9472.
2, 37
What are the prime factors of 19328?
2, 151
List the prime factors of 9498.
2, 3, 1583
List the prime factors of 58183.
83, 701
What are the prime factors of 744?
2, 3, 31
What are the prime factors of 180508?
2, 45127
What are the prime factors of 3456?
2, 3
What are the prime factors of 75269?
75269
What are the prime factors of 3006?
2, 3, 167
What are the prime factors of 1863?
3, 23
What are the prime factors of 30235?
5, 6047
List the prime factors of 460.
2, 5, 23
List the prime factors of 6040.
2, 5, 151
List the prime factors of 969.
3, 17, 19
What are the prime factors of 7157?
17, 421
List the prime factors of 10052.
2, 7, 359
List the prime factors of 534.
2, 3, 89
List the prime factors of 1372.
2, 7
What are the prime factors of 1256?
2, 157
List the prime factors of 37907.
37907
List the prime factors of 516.
2, 3, 43
List the prime factors of 14650.
2, 5, 293
List the prime factors of 9438.
2, 3, 11, 13
What are the prime factors of 2700?
2, 3, 5
What are the prime factors of 18?
2, 3
List the prime factors of 8876.
2, 7, 317
List the prime factors of 60999.
3, 20333
List the prime factors of 2215.
5, 443
List the prime factors of 766.
2, 383
What are the prime factors of 2973?
3, 991
What are the prime factors of 2331?
3, 7, 37
List the prime factors of 15105.
3, 5, 19, 53
List the prime factors of 15848.
2, 7, 283
What are the prime factors of 848?
2, 53
What are the prime factors of 1082?
2, 541
List the prime factors of 2674.
2, 7, 191
List the prime factors of 54900.
2, 3, 5, 61
List the prime factors of 5562.
2, 3, 103
List the prime factors of 20462.
2, 13, 787
What are the prime factors of 20620?
2, 5, 1031
What are the prime factors of 3114?
2, 3, 173
List the prime factors of 26335.
5, 23, 229
List the prime factors of 117968.
2, 73, 101
List the prime factors of 9950.
2, 5, 199
List the prime factors of 287.
7, 41
List the prime factors of 3465.
3, 5, 7, 11
What are the prime factors of 1031?
1031
What are the prime factors of 1692?
2, 3, 47
What are the prime factors of 68337?
3, 2531
List the prime factors of 10669.
47, 227
List the prime factors of 213.
3, 71
What are the prime factors of 26931?
3, 47, 191
List the prime factors of 8090.
2, 5, 809
What are the prime factors of 1012?
2, 11, 23
List the prime factors of 82579.
7, 47, 251
List the prime factors of 6185.
5, 1237
List the prime factors of 44931.
3, 17, 881
List the prime factors of 268.
2, 67
What are the prime factors of 7822?
2, 3911
What are the prime factors of 2461?
23, 107
What are the prime factors of 17265?
3, 5, 1151
List the prime factors of 4756.
2, 29, 41
List the prime factors of 1534.
2, 13, 59
List the prime factors of 2083.
2083
What are the prime factors of 14212?
2, 11, 17, 19
List the prime factors of 1527.
3, 509
What are the prime factors of 1106?
2, 7, 79
What are the prime factors of 50683?
50683
List the prime factors of 5512.
2, 13, 53
List the prime factors of 800.
2, 5
List the prime factors of 1170.
2, 3, 5, 13
List the prime factors of 2011.
2011
What are the prime factors of 166016?
2, 1297
What are the prime factors of 36524?
2, 23, 397
List the prime factors of 107201.
107201
List the prime factors of 1097.
1097
What are the prime factors of 48914?
2, 37, 661
What are the prime factors of 27586?
2, 13, 1061
What are the prime factors of 68602?
2, 34301
List the prime factors of 80262.
2, 3, 7, 13
List the prime factors of 14727.
3, 4909
What are the prime factors of 92002?
2, 157, 293
List the prime factors of 697.
17, 41
What are the prime factors of 54772?
2, 13693
What are the prime factors of 31694?
2, 13, 23, 53
List the prime factors of 100549.
100549
What are the prime factors of 5621?
7, 11, 73
What are the prime factors of 22836?
2, 3, 11, 173
What are the prime factors of 17650?
2, 5, 353
List the prime factors of 34748.
2, 7, 17, 73
List the prime factors of 18001.
47, 383
List the prime factors of 233.
233
What are the prime factors of 9893?
13, 761
What are the prime factors of 57446?
2, 28723
List the prime factors of 26118.
2, 3, 1451
List the prime factors of 920.
2, 5, 23
What are the prime factors of 1874?
2, 937
What are the prime factors of 33282?
2, 3, 43
List the prime factors of 911.
911
List the prime factors of 24908.
2, 13, 479
What are the prime factors of 5705?
5, 7, 163
List the prime factors of 19646.
2, 11, 19, 47
What are the prime factors of 20039?
29,